{"id":530,"date":"2019-09-08T09:18:44","date_gmt":"2019-09-08T07:18:44","guid":{"rendered":"http:\/\/ada-sub.rotefadenbuecher.de\/?page_id=530"},"modified":"2019-09-08T09:18:44","modified_gmt":"2019-09-08T07:18:44","slug":"quidnunc","status":"publish","type":"page","link":"https:\/\/ada-sub.dh-index.org\/blog\/quidnunc\/","title":{"rendered":"quidnunc"},"content":{"rendered":"<p>aus gg. anlasz eine neue rubrik, die mir spasz machen wird. ich hab ja auch zuviel zeit&#8230; die rubrik heiszt:<\/p>\n<h3>das beste aus social &amp; media<\/h3>\n<p>und den namen habe ich von herrengedeck geklaut. nicht -the incredible herrengedeck- einer ebenfalls geilen band, sondern von -herrengedeck der podcast- zwei (ebenfalls geilen) frauen, der (medias res) meinen bedarf an schnack, den ich sonst nie mitkriegen w\u00fcrde, weil ich mich dort vern\u00fcnftigerweise nicht aufhalte, wo die zwei zugange sind, jdfs. gut deckt. dar\u00fcberhinaus lacht man sich bei ihnen \u00fcber findige wortsachen und parchim generell tot. man fragt die v\u00f6gel, wie es geht und h\u00f6rt was sie berichten.<\/p>\n<hr \/>\n<h4><strong>#9526. dez27. (es ist zweitausendachtzehn)<\/strong><\/h4>\n<p>ich werde die sich heut abend angesammelt habenden -kommentare- auf meine bemerkung zu einem post gerd buurmanns gar nicht lesen m\u00fcssen, um zu wissen, was f\u00fcr ein publikum sich hinter dieser adresse versammelt. ich habe schon einmal die erfahrung damit gemacht, dort meine meinung zu hinterlassen, diesmal werde ich mir, zumindest heute, sparen, die zu 100% vorhersehbaren reaktionen zu lesen. hier, im nachtrag zum kommentar, f\u00fcr die sneakenden trolle, m\u00f6chte ich nur eines loswerden: ihr seid dort schon richtig bei tapfer im nirgendwo und der redakteur steht hinter euch, glaubt mir&#8230;, ihn jdfs. werdet ihr mit eurem hateshit nicht treffen. die wordpress bietet (aber das werden die wenigsten von euch wissen, weil ihr ja alle nur einen -kurznamen- ohne profil anbietet, euch also hinter eurem sch\u00f6nen nick versteckt wie jeder billige arbeitslose troll mit zuviel zeit und zuviel mate im kopf auf der ganzen welt)&#8230;, die wordpress bietet also die sch\u00f6ne m\u00f6glichkeit, follower auch zu entfernen, etwas von dem ich jdfs. abundzu gebrauch mache. wenn ihr also selbst nicht nur das klickopfer seid, dem st\u00e4ndig dumme spr\u00fcche zu entlocken sind, um die einnahmen zu erh\u00f6hen, w\u00fcrdet ihr wenn man dem h. buurmann seine \u00fcberzeugung abnehmen w\u00fcrde, schon l\u00e4ngst nicht mehr mitbekommen, wenn er wieder einen polemischen artikel \u00fcber linksgr\u00fcnen siff verfasst hat, der rest interessiert euch ja eh nich, dort meldet sich eh keiner zu wort, mit dem ihr nicht einer meinung seid. jungejunge&#8230;, habt ihr in euerm leben eigentlich jemals was geraucht, oder kennt ihr nur den grauen alltag&#8230; das studium ist vorbei! der computer hat auch einen ausknopf! man kann auch mal eine meinung formulieren, nicht nur hohle phrasen&#8230;, aber ich weisz, denken und so&#8230;, is in der gruppe einfacher.<\/p>\n<p>1951: comme dhabitude: obiges von morgens nach meinem (einwurf) als dritter des tages. maintenant, vers huit le bodycount gg. 27. scheint ja einige leute erregt zu haben. nur biszchen bl\u00f6d f\u00fcr euch, oder, dasz es sich keiner ankuckt auszer ihr selber horste&#8230;<\/p>\n<hr \/>\n<h4><strong>dez28. der nachtrag.<\/strong><\/h4>\n<p>die (vorleserin) hat (vorgelesen) und mich obigen betreffs doch etwas zur\u00fcckrudern lassen. ich nehme also die horste, die trolle und hohlen phrasen zur\u00fcck, weil scheinbar die nachfolgenden kommentatoren sich ebenfalls zur\u00fcckgehalten haben. ich habe andere erfahrung dort gemacht, verfolge die seiten einigermaszen aufmerksam und hatte (b\u00f6sen shit) erwartet &#8211; der nicht eingetroffen ist, darum: ich gebe den (hammer des mannes der immer mit dem hammer anf\u00e4ngt und am ende sind beide tot&#8230;) gern zur\u00fcck\/weiter\/ab&#8230;, bis es wieder n\u00f6tig sein sollte, sich vehement gg. (populistischen shit) zu positionieren. scuse hr. buurmann &amp; dank f\u00fcr den verweis auf hasz und wo er herkommt.<\/p>\n<hr \/>\n<p>&amp; dann aber zum besten aus social media im normalton einige empfehlungen zur kulturellen bildung: ein paar h\u00f6rbare sachen, die ich gern, w\u00e4hrend ich mit dem laubbesen \u00fcbern friedhof schleiche, auf den ohren habe, auszer herrengedeck, zb.<\/p>\n<ul>\n<li>talk ohne gast (till&amp;moritz)<\/li>\n<li>frau fuchs (selten neues)<\/li>\n<li>the sisterhood (bbc), (schon zu ende)<\/li>\n<li>distraction pieces podcast, scroobius pip (leicht anstrengend, eichh\u00f6rnchen&#8230;)<\/li>\n<li>volker str\u00fcbings schnipselfunk (sehr ruhig, konzentriert&#8230;, regelm\u00e4szig)<\/li>\n<li>lila podcast (frauen usw. themen lax gesagt)<\/li>\n<\/ul>\n<hr \/>\n<p>naja, ich werd das umbenennen, wenn (social media) hier doch zu eng gefaszt erscheint f\u00fcr was noch kommen mag, oder&#8230;; fr\u00fcher hatten wir kleine bunte hefte, die man den kleinen bunten freunden mitgab, damit sie dort neben schlauen spr\u00fcchen u.a lieblingsessen, lieblings michaeljacksonlied, lieblingstier, lieblingsfarben udgl. (illustrieren) konnten. darauf wird das hier wohl hinauslaufen&#8230;<\/p>\n<hr \/>\n<p>ein paar b\u00fccher f\u00fcr den anfang? profile me&#8230;<\/p>\n<p>readable books\/authors in the order of wtf:<\/p>\n<ul>\n<li>th. pr\u00e4auer<\/li>\n<li>nora wagener<\/li>\n<li>sieben n\u00e4chte; simon strauss<\/li>\n<li>die mittlerin, j. trompeter<\/li>\n<li>kook was eigentlich nicht.<\/li>\n<li>fr. genschel<\/li>\n<li>fr. mayr\u00f6cker (ist das n\u00f6tig?)<\/li>\n<\/ul>\n<hr \/>\n<h4><strong>jan08. (es ist zweitausendneunzehn)<\/strong><\/h4>\n<p>einiges fiel mir noch ein f\u00fcrs (profiling), einiges kam grad und wird noch dazukommen. dieses quidnunc wird sich wie alles andere hier auch aktualisieren und wenn Sie weiter bestrebt sind, mich zu (verorten) bzw. vielleicht einfach nur daran interessiert, was (gut lesbar\/h\u00f6rbar\/<del>spielbar<\/del>) ist, kuckens eben abundzu vorbei&#8230; (spielbar: im weitesten sinne \u00fcbertragbarkeit von daten, die mich auf dem laufenden halten in belangen weitestgehend (hier: irrelevanter natur = nur den spieltrieb befriedigender) informationen; im engeren sinne nichtarbeit in netzwerken plattformen&#8230;, also spielen. andere sagen ca. -surfen- -kucken- -schm\u00f6kern-&#8230;, oder finden wom\u00f6glich sinnhafte t\u00e4tigkeit suggerierende euphemismen. was sie meinen ist aber spielen.<\/p>\n<ul>\n<li>zb. todd noy: ein spiel, ein ABC podcast namens &#8211;<strong>finding drago<\/strong>-; hat grad angefangen und verpricht lustig zu werden. <strong>todd<\/strong><strong>noy<\/strong>(the author of -the alabaster wars-) hat damit 1 sehr fetten vogel geschossen.<\/li>\n<li>zb. <strong>ines berwing<\/strong>: muster des stillen verkabelns, hochroth 2019. ein kleines tausch\/klaugesch\u00e4ft in der lettretage, das mich noch zwingen wird, meine fixen b\u00f6sen kritiken etwas im zaum zu halten.<\/li>\n<li>zb. kook auseinandergeschrieben: <strong>cia rinne,\u00a0<\/strong>die w\u00f6rter benutzt. mein g.tt was f\u00fcrn bl\u00f6der witz&#8230;<\/li>\n<li>zb. kinderb\u00fccher von kookbooks: dagmara kraus\/andreas t\u00f6pfer (genie); alle nase diederdase.<\/li>\n<li>und bitte h\u00f6rt mal ariana&amp;laura&#8230;, die werden immer besser. (hier Sie=du)<\/li>\n<\/ul>\n<hr \/>\n<h4>jan15.<\/h4>\n<p>habe mir 1 magerquark, der in einer (pinkbox: was immer das ist) durchs fenster geflogen kam, angekuckt und mich entschieden, den (quark, obsolet zu erw\u00e4hnen) postwendend zu entsorgen. sollten sich absender des (quark) bewuszt dazu entschieden haben, mit beitr\u00e4gen meinerseits versorgt werden zu wollen, die \u00fcber (ihren quark) hinausgehen, werden sie sich befleiszigen m\u00fcssen, erneut eine detaillierte anfrage zwecks (versorgung) zu t\u00e4tigen. ich sage jedoch schonmal, dasz ich ungern menschen, die mit vorliebe fotos von hunden schminckprodukten sowie v\u00f6llig unbedeutenden b\u00fcchern (posten) unter den informierten \u00fcber meine sicht der dinge weisz. blase ist blase oder&#8230;, vc vs.<\/p>\n<hr \/>\n<figure id=\"attachment_1575\" aria-describedby=\"caption-attachment-1575\" style=\"width: 1024px\" class=\"wp-caption alignnone\"><img loading=\"lazy\" decoding=\"async\" class=\"alignnone size-large wp-image-1575\" src=\"https:\/\/rotefadenbuecher.files.wordpress.com\/2019\/01\/guhl0025.jpg?w=1024\" alt=\"OLYMPUS DIGITAL CAMERA\" width=\"1024\" height=\"768\" \/><figcaption id=\"caption-attachment-1575\" class=\"wp-caption-text\">nur f\u00fcr den coolen spruch. ingen aning.<\/figcaption><\/figure>\n<hr \/>\n<p>#mrs13.<\/p>\n<ul>\n<li>house of noy revealed identity, game is over, finding drago wahrscheinlich zu ende.<\/li>\n<li>bei den topmodels stets gekreische: das heiszt -guilty pleasure-, oder? oder -gully pleasure-?<\/li>\n<li>ariana&amp;laura nicht zu gast bei till&amp;moritz: schlagabtausch der netten sorte, sexpodcast hin oder her. hier h\u00e4tte man sch\u00f6n (w)sorte draus machen k\u00f6nnen os\u00e4.; aber wie ich sowas hasse. was ich noch hasse? dazu gibts bald eine eigene rubrik. f\u00e4ngt bei -tats\u00e4chlich- an und h\u00f6rt bei -tats\u00e4chlich- auf, so wie die dt. sprache.<\/li>\n<li>podcastempfehlung von volker str\u00fcbing: anekdotisch evident.<\/li>\n<li>neues vom radio? fritz versucht sich nachdem sie till&amp;moritz glaub ich vertrieben haben mit -den ratsherren-, welche angestrengt dumm tun und 1h dar\u00fcber sinnieren (zb.) ob bzw. schon -wie- der k\u00fchlschrank die k\u00fchlfl\u00fcssigkeit k\u00fchlt. das ist noch weniger als halbgares halbwissen, das ist in der 4. klasse sitzengeblieben, aber da war man schon 16.<\/li>\n<li>\n<hr \/>\n<\/li>\n<\/ul>\n<p>#mrs19.<\/p>\n<ul>\n<li>noy estate deliveres DRAGO, on mountains we stand &amp; SWARMER, by todd NOY to my greatest reading pleasure. I will, comme vagrant, pass &#8217;em on. be cherished.<\/li>\n<\/ul>\n<p><img loading=\"lazy\" decoding=\"async\" class=\"alignnone size-full wp-image-1851\" src=\"https:\/\/rotefadenbuecher.files.wordpress.com\/2019\/03\/guhl0410.jpg\" alt=\"OLYMPUS DIGITAL CAMERA\" width=\"4608\" height=\"3456\" \/><\/p>\n<hr \/>\n<h4>#apr05.<\/h4>\n<ul>\n<li>epops am werke: brok..ndim..ress &#8220;lobt&#8221; einen &#8220;..riting ..rize&#8221; aus. f\u00fcr einen &#8220;fee&#8221; von 7,- . alles klar. eine &#8220;jury&#8221; &#8220;befindet&#8221; dar\u00fcber, wer wohl -1000,- einstecken darf. geil! all english&#8230;<\/li>\n<\/ul>\n<hr \/>\n<p>noch mehr podcast:<\/p>\n<ul>\n<li>zur politischen bildung: wochend\u00e4mmerung, halbe katoffl, anekdotisch evident<\/li>\n<li>zur politischen und allgemeinbildung: olli&amp;jans fest&amp;flauschig<\/li>\n<li>zur musikalischen bildung: uptowns finest, cosmo machiavelli<\/li>\n<li>und auch mal was nich so dolles: beste freundinnen; eher humor f\u00fcr kleine m\u00e4dchen u. jungs, so wie violen pflanzen mit dem pikierstab zb. oder pikieren mit dem spaten&#8230;, jenachdem aus welcher richtung man -kommt- haha wie anz\u00fcglich&#8230;<\/li>\n<\/ul>\n<hr \/>\n<h4>mai8.<\/h4>\n<p><img loading=\"lazy\" decoding=\"async\" class=\"size-full wp-image-1993\" src=\"https:\/\/rotefadenbuecher.files.wordpress.com\/2019\/05\/img_0655-1.jpg\" width=\"2048\" height=\"1536\" \/><\/p>\n<hr \/>\n<p>ja. isses. <a href=\"https:\/\/ada-sub.dh-index.org\/blog\/ich-kann-dich-hoeren\">09196. ich kann dich h\u00f6ren\u2026<\/a><a href=\"https:\/\/ada-sub.dh-index.org\/blog\/ich-kann-dich-hoeren\">half done.<\/a><\/p>\n<hr \/>\n<p>&nbsp;<\/p>\n<hr \/>\n<h4>09253.<\/h4>\n<p>what happened last week. (<a href=\"https:\/\/whathappenedlastweek.us17.list-manage.com\/track\/click?u=25399ee9f3261e31cedd6125e&amp;id=b4bd8036e8&amp;e=f9b81f634c\">website<\/a>) of the weekly newsletter curated by sham jaff. supported von der wochend\u00e4mmerung. international, mit einer tasse kaffe durch, montagmorgens die news der letzten woche. also mir reichts&#8230;<\/p>\n<hr \/>\n<p>&nbsp;<\/p>\n","protected":false},"excerpt":{"rendered":"<p>aus gg. anlasz eine neue rubrik, die mir spasz machen wird. ich hab ja auch zuviel zeit&#8230; die rubrik heiszt: das beste aus social &amp; media und den namen habe ich von herrengedeck geklaut. nicht -the incredible herrengedeck- einer ebenfalls geilen band, sondern von -herrengedeck der podcast- zwei (ebenfalls geilen) frauen, der (medias res) meinen &hellip; <a href=\"https:\/\/ada-sub.dh-index.org\/blog\/quidnunc\/\" class=\"more-link\">Continue reading<span class=\"screen-reader-text\"> &#8220;quidnunc&#8221;<\/span><\/a><\/p>\n","protected":false},"author":2,"featured_media":0,"parent":0,"menu_order":0,"comment_status":"closed","ping_status":"closed","template":"","meta":{"_acf_changed":false,"_lmt_disableupdate":"","_lmt_disable":"","footnotes":""},"class_list":["post-530","page","type-page","status-publish","hentry"],"acf":[],"jetpack_sharing_enabled":true,"_links":{"self":[{"href":"https:\/\/ada-sub.dh-index.org\/blog\/wp-json\/wp\/v2\/pages\/530","targetHints":{"allow":["GET"]}}],"collection":[{"href":"https:\/\/ada-sub.dh-index.org\/blog\/wp-json\/wp\/v2\/pages"}],"about":[{"href":"https:\/\/ada-sub.dh-index.org\/blog\/wp-json\/wp\/v2\/types\/page"}],"author":[{"embeddable":true,"href":"https:\/\/ada-sub.dh-index.org\/blog\/wp-json\/wp\/v2\/users\/2"}],"replies":[{"embeddable":true,"href":"https:\/\/ada-sub.dh-index.org\/blog\/wp-json\/wp\/v2\/comments?post=530"}],"version-history":[{"count":0,"href":"https:\/\/ada-sub.dh-index.org\/blog\/wp-json\/wp\/v2\/pages\/530\/revisions"}],"wp:attachment":[{"href":"https:\/\/ada-sub.dh-index.org\/blog\/wp-json\/wp\/v2\/media?parent=530"}],"curies":[{"name":"wp","href":"https:\/\/api.w.org\/{rel}","templated":true}]}}