{"id":977,"date":"2020-06-21T15:25:17","date_gmt":"2020-06-21T13:25:17","guid":{"rendered":"https:\/\/ada-sub.rotefadenbuecher.de\/?page_id=977"},"modified":"2020-06-21T15:25:17","modified_gmt":"2020-06-21T13:25:17","slug":"10262-sur","status":"publish","type":"page","link":"https:\/\/ada-sub.dh-index.org\/blog\/10262-sur\/","title":{"rendered":"10262.sur"},"content":{"rendered":"<p>fein. Sie haben das impressum gefunden. suchten Sie aus einem bestimmten grund danach? wollen Sie sich etwa beschweren? auch gut. ich nehme Ihre hinweise kritiken n\u00f6rgeleien gern zur kenntnis: Schreiben Sie mir ruhig. f\u00fcr die kontaktaufnahme werden Sie meinen nachnamen als passwort ben\u00f6tigen, dessen Sie f\u00fcndig werden, wenn Sie diese :<a href=\"https:\/\/ada-sub.dh-index.org\/blog\/10261survey\">gut besuchte studie<\/a>: absolvieren. niemand sollte umsonst arbeiten, oder? oder.<\/p>\n<h4>impressum<\/h4>\n<p>[this page intentionally left blank for privacy reasons.]<\/p>\n","protected":false},"excerpt":{"rendered":"<p>fein. Sie haben das impressum gefunden. suchten Sie aus einem bestimmten grund danach? wollen Sie sich etwa beschweren? auch gut. ich nehme Ihre hinweise kritiken n\u00f6rgeleien gern zur kenntnis: Schreiben Sie mir ruhig. f\u00fcr die kontaktaufnahme werden Sie meinen nachnamen als passwort ben\u00f6tigen, dessen Sie f\u00fcndig werden, wenn Sie diese :gut besuchte studie: absolvieren. niemand &hellip; <a href=\"https:\/\/ada-sub.dh-index.org\/blog\/10262-sur\/\" class=\"more-link\">Continue reading<span class=\"screen-reader-text\"> &#8220;10262.sur&#8221;<\/span><\/a><\/p>\n","protected":false},"author":2,"featured_media":0,"parent":0,"menu_order":0,"comment_status":"closed","ping_status":"closed","template":"","meta":{"_acf_changed":false,"_lmt_disableupdate":"","_lmt_disable":"","footnotes":""},"class_list":["post-977","page","type-page","status-publish","hentry"],"acf":[],"jetpack_sharing_enabled":true,"_links":{"self":[{"href":"https:\/\/ada-sub.dh-index.org\/blog\/wp-json\/wp\/v2\/pages\/977","targetHints":{"allow":["GET"]}}],"collection":[{"href":"https:\/\/ada-sub.dh-index.org\/blog\/wp-json\/wp\/v2\/pages"}],"about":[{"href":"https:\/\/ada-sub.dh-index.org\/blog\/wp-json\/wp\/v2\/types\/page"}],"author":[{"embeddable":true,"href":"https:\/\/ada-sub.dh-index.org\/blog\/wp-json\/wp\/v2\/users\/2"}],"replies":[{"embeddable":true,"href":"https:\/\/ada-sub.dh-index.org\/blog\/wp-json\/wp\/v2\/comments?post=977"}],"version-history":[{"count":0,"href":"https:\/\/ada-sub.dh-index.org\/blog\/wp-json\/wp\/v2\/pages\/977\/revisions"}],"wp:attachment":[{"href":"https:\/\/ada-sub.dh-index.org\/blog\/wp-json\/wp\/v2\/media?parent=977"}],"curies":[{"name":"wp","href":"https:\/\/api.w.org\/{rel}","templated":true}]}}